ainder when 5856840 is divided by 1648.
1496
Calculate the remainder when 226431496 is divided by 34.
30
What is the remainder when 681541 is divided by 6085?
21
What is the remainder when 531614 is divided by 528954?
2660
Calculate the remainder when 18724 is divided by 18636.
88
Calculate the remainder when 7685379 is divided by 692.
27
Calculate the remainder when 6694413 is divided by 53555.
38
Calculate the remainder when 8867857 is divided by 165.
97
Calculate the remainder when 14075571 is divided by 148.
31
What is the remainder when 1953243 is divided by 15?
3
Calculate the remainder when 16493763 is divided by 311203.
4
Calculate the remainder when 194644597 is divided by 267.
262
What is the remainder when 318215 is divided by 106021?
152
Calculate the remainder when 45670 is divided by 2842.
198
Calculate the remainder when 974282 is divided by 4164.
4070
Calculate the remainder when 621941 is divided by 6578.
3609
Calculate the remainder when 11355153 is divided by 2546.
2539
What is the remainder when 35100955 is divided by 615806?
13
What is the remainder when 29073837 is divided by 19?
18
Calculate the remainder when 390866 is divided by 280.
266
What is the remainder when 101064 is divided by 1942?
80
Calculate the remainder when 5865 is divided by 1290.
705
Calculate the remainder when 13985043 is divided by 1739.
5
What is the remainder when 8673128 is divided by 2168275?
28
What is the remainder when 35623304 is divided by 2968604?
56
What is the remainder when 650797 is divided by 235?
82
What is the remainder when 9832 is divided by 2009?
1796
What is the remainder when 1974956047 is divided by 33?
31
What is the remainder when 1161043 is divided by 386863?
454
Calculate the remainder when 6453 is divided by 1367.
985
Calculate the remainder when 92096 is divided by 11499.
104
Calculate the remainder when 1695152 is divided by 38526.
8
Calculate the remainder when 618719 is divided by 183.
179
Calculate the remainder when 67307 is divided by 7017.
4154
Calculate the remainder when 371150 is divided by 613.
285
What is the remainder when 29387895 is divided by 187184?
7
What is the remainder when 2332939 is divided by 597?
460
Calculate the remainder when 3351911 is divided by 223.
221
Calculate the remainder when 35047 is divided by 3024.
1783
Calculate the remainder when 48347975 is divided by 24173983.
9
Calculate the remainder when 1238807 is divided by 137643.
20
Calculate the remainder when 2265394 is divided by 23.
9
What is the remainder when 2335357 is divided by 29?
16
What is the remainder when 19239 is divided by 14642?
4597
What is the remainder when 1340960 is divided by 49665?
5
What is the remainder when 652328 is divided by 901?
4
What is the remainder when 9059109 is divided by 3379?
10
Calculate the remainder when 1951657 is divided by 108425.
7
What is the remainder when 2061976 is divided by 53?
11
What is the remainder when 40686 is divided by 665?
121
Calculate the remainder when 482786 is divided by 1850.
1786
What is the remainder when 627066 is divided by 381?
321
Calculate the remainder when 667383 is divided by 360.
303
Calculate the remainder when 73254 is divided by 6304.
3910
Calculate the remainder when 2011908 is divided by 167657.
24
What is the remainder when 97851875 is divided by 12?
11
What is the remainder when 638273 is divided by 212252?
1517
What is the remainder when 17918718 is divided by 1693?
6
What is the remainder when 23229317 is divided by 3?
2
Calculate the remainder when 27052674 is divided by 13526335.
4
What is the remainder when 504937 is divided by 504818?
119
Calculate the remainder when 431923 is divided by 92.
75
What is the remainder when 26755 is divided by 25458?
1297
Calculate the remainder when 522417 is divided by 261137.
143
Calculate the remainder when 749045 is divided by 3146.
297
What is the remainder when 492010 is divided by 529?
40
What is the remainder when 821145 is divided by 34214?
9
Calculate the remainder when 63578594 is divided by 5298216.
2
Calculate the remainder when 687304 is divided by 170148.
6712
Calculate the remainder when 36516 is divided by 3308.
128
Calculate the remainder when 68750 is divided by 9682.
976
Calculate the remainder when 189597 is divided by 85.
47
What is the remainder when 982175069 is divided by 16?
13
Calculate the remainder when 116323196 is divided by 360.
356
Calculate the remainder when 14331 is divided by 1300.
31
Calculate the remainder when 2015022 is divided by 670.
332
What is the remainder when 5840814 is divided by 325?
239
Calculate the remainder when 9553824 is divided by 1592304.
0
What is the remainder when 5426699 is divided by 452224?
11
Calculate the remainder when 5342272 is divided by 19.
4
Calculate the remainder when 3342753 is divided by 24047.
220
What is the remainder when 2332742 is divided by 28?
6
Calculate the remainder when 383967618 is divided by 335.
333
Calculate the remainder when 1498569 is divided by 1120.
9
Calculate the remainder when 175180674 is divided by 179.
176
Calculate the remainder when 5272653 is divided by 329540.
13
Calculate the remainder when 598360 is divided by 3457.
299
Calculate the remainder when 565247 is divided by 3076.
2339
What is the remainder when 11067 is divided by 184?
27
What is the remainder when 210889 is divided by 3137?
710
What is the remainder when 165975 is divided by 639?
474
Calculate the remainder when 55777 is divided by 53942.
1835
Calculate the remainder when 152639162 is divided by 32.
26
What is the remainder when 159980 is divided by 1081?
1073
What is the remainder when 379476 is divided by 75886?
46
What is the remainder when 626568 is divided by 11822?
2
Calculate the remainder when 45154431 is divided by 80061.
27
Calculate the remainder when 48059083 is divided by 1132.
23
What is the remainder when 145908 is divided by 1788?
1080
What is the remainder when 1359603 is divided by 3177?
3024
Calculate the remainder when 2065503 is divided by 104.
63
Calculate the remainder when 2376993 is divided by 342.
93
What is the remainder when 232396 is divided by 13666?
74
What is the remainder when 594038 is divided by 1543?
1526
Calculate the remainder when 3644789 is divided by 1214926.
11
Calculate the remainder when 53881 is divided by 2724.
2125
What is the remainder when 1309067 is divided by 66?
23
Calculate the remainder when 1260754 is divided by 5342.
42
What is the remainder when 19621 is divided by 3216?
325
Calculate the remainder when 4457916 is divided by 82554.
0
What is the remainder when 312488 is divided by 62495?
13
Calculate the remainder when 19596154 is divided by 170401.
39
What is the remainder when 82365 is divided by 9519?
6213
What is the remainder when 4496073 is divided by 195480?
33
What is the remainder when 27779 is divided by 8585?
2024
What is the remainder when 440438 is divided by 7?
5
What is the remainder when 1550746 is divided by 37823?
3
What is the remainder when 4648529 is divided by 1036?
1033
What is the remainder when 806655 is divided by 4828?
379
What is the remainder when 27032444 is divided by 17?
13
What is the remainder when 837181 is divided by 179?
177
What is the remainder when 497731 is divided by 45233?
168
What is the remainder when 76262513 is divided by 3374?
3365
What is the remainder when 1195167 is divided by 162?
93
Calculate the remainder when 30544915 is divided by 3128.
3123
What is the remainder when 5056708 is divided by 147?
55
Calculate the remainder when 99580 is divided by 3104.
252
What is the remainder when 15256874 is divided by 3051374?
4
Calculate the remainder when 1524254 is divided by 791.
788
Calculate the remainder when 167580524 is divided by 24.
20
Calculate the remainder when 47026 is divided by 96.
82
What is the remainder when 13742866 is divided by 1467?
10
Calculate the remainder when 656907 is divided by 54713.
351
Calculate the remainder when 38691557 is divided by 153.
152
Calculate the remainder when 1082901 is divided by 16405.
171
What is the remainder when 63287118 is divided by 3168?
3150
Calculate the remainder when 61795608 is divided by 1619.
1616
What is the remainder when 381988771 is divided by 44?
43
What is the remainder when